{"id":32,"date":"2017-10-31T07:44:25","date_gmt":"2017-10-31T07:44:25","guid":{"rendered":"http:\/\/demo2.drfuri.com\/manufactory\/?page_id=32"},"modified":"2024-10-17T21:51:55","modified_gmt":"2024-10-17T18:51:55","slug":"about-us","status":"publish","type":"page","link":"https:\/\/www.gdrglobal.com.tr\/index.php\/about-us","title":{"rendered":"Kurumsal"},"content":{"rendered":"<section class=\"wpb-content-wrapper\"><p>[vc_row][vc_column]<div class=\"mf-empty-space \" style=\"\"><div class=\"mf_empty_space_lg\"  style=\"height: 80px\"><\/div><div class=\"mf_empty_space_md\"  style=\"height: 50px\"><\/div><div class=\"mf_empty_space_xs\"  style=\"height: 50px\"><\/div><\/div>[\/vc_column][\/vc_row][vc_row][vc_column offset=&#8221;vc_col-lg-4 vc_col-md-12&#8243;][vc_single_image image=&#8221;4020&#8243; img_size=&#8221;370&#215;360&#8243;]<div class=\"mf-empty-space \" style=\"\"><div class=\"mf_empty_space_lg\"  style=\"height: 50px\"><\/div><div class=\"mf_empty_space_md\"  style=\"height: 30px\"><\/div><div class=\"mf_empty_space_xs\"  style=\"height: 30px\"><\/div><\/div>[\/vc_column][vc_column offset=&#8221;vc_col-lg-4 vc_col-md-12&#8243;][vc_custom_heading text=&#8221;Hakk\u0131m\u0131zda&#8221; font_container=&#8221;tag:h2|font_size:20|text_align:left&#8221; use_theme_fonts=&#8221;yes&#8221; el_class=&#8221;fw-medium&#8221; css=&#8221;.vc_custom_1729190271207{margin-top: 0px !important;margin-bottom: 0px !important;}&#8221;]<div class=\"mf-empty-space \" style=\"\"><div class=\"mf_empty_space_lg\"  style=\"height: 20px\"><\/div><div class=\"mf_empty_space_md\"  style=\"height: 20px\"><\/div><div class=\"mf_empty_space_xs\"  style=\"height: 20px\"><\/div><\/div>[vc_column_text]Gdr Global, 2020 y\u0131l\u0131nda kurulmu\u015f, k\u00f6kleri yakla\u015f\u0131k 15 y\u0131ll\u0131k tecr\u00fcbeye dayanan k\u00f6kl\u00fc bir kurulu\u015ftur.<\/p>\n<p>\u015eirketimiz, otomotiv, kimya, savunma sanayi, ve sa\u011fl\u0131k sekt\u00f6rlerinde hizmet vermekte olup, m\u00fc\u015fteri odakl\u0131 yakla\u015f\u0131m\u0131 ve y\u00fcksek kalite anlay\u0131\u015f\u0131yla tan\u0131nmaktad\u0131r. Gdr Global, farkl\u0131 sekt\u00f6rlerdeki uzmanl\u0131\u011f\u0131 ve yenilik\u00e7i yakla\u015f\u0131m\u0131yla, m\u00fc\u015fterilerimizin ihtiya\u00e7lar\u0131na \u00f6zel, h\u0131zl\u0131 ve g\u00fcvenilir \u00e7\u00f6z\u00fcmler sunmaktad\u0131r.<\/p>\n<p>\u015eirketimizin kurumsal kimli\u011fi, ticaretin nabz\u0131n\u0131 tutan dinamik yap\u0131m\u0131z ve m\u00fc\u015fteri memnuniyetini \u00f6n planda tutan hizmet anlay\u0131\u015f\u0131m\u0131zla \u015fekillenmektedir.\u201d[\/vc_column_text]<div class=\"mf-empty-space \" style=\"\"><div class=\"mf_empty_space_lg\"  style=\"height: 25px\"><\/div><div class=\"mf_empty_space_md\"  style=\"height: 25px\"><\/div><div class=\"mf_empty_space_xs\"  style=\"height: 25px\"><\/div><\/div><div class=\"mf-empty-space \" style=\"\"><div class=\"mf_empty_space_lg\"  style=\"height: 15px\"><\/div><div class=\"mf_empty_space_md\"  style=\"height: 15px\"><\/div><div class=\"mf_empty_space_xs\"  style=\"height: 15px\"><\/div><\/div>[vc_column_text]<\/p>\n<div style=\"font-size: 20px; font-weight: 500; color: #393939;\">G\u00fcnay UZUN<\/div>\n<div class=\"main-color\" style=\"font-weight: 400;\">Genel M\u00fcd\u00fcr<\/div>\n<p>[\/vc_column_text]<div class=\"mf-empty-space \" style=\"\"><div class=\"mf_empty_space_lg\"  style=\"height: 50px\"><\/div><div class=\"mf_empty_space_md\"  style=\"height: 30px\"><\/div><div class=\"mf_empty_space_xs\"  style=\"height: 30px\"><\/div><\/div>[\/vc_column][vc_column offset=&#8221;vc_col-lg-4 vc_col-md-12&#8243;][vc_tta_accordion style=&#8221;flat&#8221; shape=&#8221;square&#8221; color=&#8221;white&#8221; c_icon=&#8221;chevron&#8221; active_section=&#8221;2&#8243;][vc_tta_section title=&#8221;Misyonumuz&#8221; tab_id=&#8221;1508747151686-14cd83fe-86c0&#8243;][vc_column_text]Gdr Global olarak misyonumuz, otomotiv, kimya, savunma sanayi, \u00f6zel g\u00fcvenlik ve sa\u011fl\u0131k sekt\u00f6rlerinde, m\u00fc\u015fterilerimize \u00f6zel, g\u00fcvenilir ve h\u0131zl\u0131 \u00e7\u00f6z\u00fcmler sunmakt\u0131r.<\/p>\n<p>Kalite, d\u00fcr\u00fcstl\u00fck ve m\u00fc\u015fteri odakl\u0131l\u0131k ilkeleriyle, sekt\u00f6rlerimizde fark yaratan hizmetler sunarak, m\u00fc\u015fteri memnuniyetini her zaman en \u00fcst d\u00fczeyde tutuyoruz.[\/vc_column_text][\/vc_tta_section][vc_tta_section title=&#8221;Vizyonumuz&#8221; tab_id=&#8221;1508747188911-376a52e4-45e9&#8243;][vc_column_text]Gdr Global olarak vizyonumuz, faaliyet g\u00f6sterdi\u011fimiz t\u00fcm sekt\u00f6rlerde yenilik\u00e7i ve s\u00fcrd\u00fcr\u00fclebilir \u00e7\u00f6z\u00fcmlerle lider konuma y\u00fckselmek ve uluslararas\u0131 alanda sayg\u0131n bir tedarik\u00e7i olarak tan\u0131nmakt\u0131r.<\/p>\n<p>Topluma ve \u00e7evreye olan sorumluluklar\u0131m\u0131z\u0131 unutmadan, her ad\u0131mda s\u00fcrd\u00fcr\u00fclebilir bir gelecek i\u00e7in \u00e7al\u0131\u015fmay\u0131 taahh\u00fct ediyoruz.[\/vc_column_text][\/vc_tta_section][\/vc_tta_accordion]<div class=\"mf-empty-space \" style=\"\"><div class=\"mf_empty_space_lg\"  style=\"height: 50px\"><\/div><div class=\"mf_empty_space_md\"  style=\"height: 30px\"><\/div><div class=\"mf_empty_space_xs\"  style=\"height: 30px\"><\/div><\/div>[\/vc_column][\/vc_row][vc_row equal_height=&#8221;yes&#8221; content_placement=&#8221;middle&#8221; enable_parallax=&#8221;yes&#8221; css=&#8221;.vc_custom_1580721032455{padding-top: 50px !important;padding-bottom: 50px !important;background-image: url(http:\/\/demo2.steelthemes.com\/induscity\/wp-content\/uploads\/sites\/9\/2020\/02\/action-bg-1.jpg?id=3888) !important;}&#8221;][vc_column offset=&#8221;vc_col-lg-9 vc_col-md-8&#8243;][vc_custom_heading text=&#8221;\u0130htiyac\u0131n\u0131z olan \u00fcr\u00fcnler hakk\u0131nda fiyat teklifi almak i\u00e7in bizimle ileti\u015fime ge\u00e7in.&#8221; font_container=&#8221;tag:h2|font_size:20|text_align:left&#8221; use_theme_fonts=&#8221;yes&#8221; el_class=&#8221;fw-medium main-color&#8221; css=&#8221;.vc_custom_1729190882367{margin-top: 0px !important;margin-bottom: 0px !important;}&#8221;]<div class=\"mf-empty-space \" style=\"\"><div class=\"mf_empty_space_lg\" ><\/div><div class=\"mf_empty_space_md\" ><\/div><div class=\"mf_empty_space_xs\"  style=\"height: 30px\"><\/div><\/div>[\/vc_column][vc_column offset=&#8221;vc_col-lg-3 vc_col-md-4&#8243;]<div class=\"mf-button align-right style-1 \"><a class=\"button mf-btn\" href=\"https:\/\/www.gdrglobal.com.tr\/index.php\/teklif-al\" target=\"_blank\">Teklif Al<\/a><\/div>[\/vc_column][\/vc_row]<\/p>\n<\/section>","protected":false},"excerpt":{"rendered":"<p>[vc_row][vc_column][\/vc_column][\/vc_row][vc_row][vc_column offset=&#8221;vc_col-lg-4 vc_col-md-12&#8243;][vc_single_image image=&#8221;4020&#8243; img_size=&#8221;370&#215;360&#8243;][\/vc_column][vc_column offset=&#8221;vc_col-lg-4 vc_col-md-12&#8243;][vc_custom_heading text=&#8221;Hakk\u0131m\u0131zda&#8221; font_container=&#8221;tag:h2|font_size:20|text_align:left&#8221; use_theme_fonts=&#8221;yes&#8221; el_class=&#8221;fw-medium&#8221; css=&#8221;.vc_custom_1729190271207{margin-top: 0px !important;margin-bottom: 0px !important;}&#8221;][vc_column_text]Gdr Global, 2020 y\u0131l\u0131nda kurulmu\u015f, k\u00f6kleri yakla\u015f\u0131k 15 y\u0131ll\u0131k tecr\u00fcbeye dayanan k\u00f6kl\u00fc bir kurulu\u015ftur. \u015eirketimiz, otomotiv, kimya, savunma sanayi, ve sa\u011fl\u0131k sekt\u00f6rlerinde hizmet vermekte olup, m\u00fc\u015fteri odakl\u0131 yakla\u015f\u0131m\u0131 ve y\u00fcksek kalite anlay\u0131\u015f\u0131yla tan\u0131nmaktad\u0131r. Gdr Global, farkl\u0131 sekt\u00f6rlerdeki uzmanl\u0131\u011f\u0131 ve yenilik\u00e7i [&hellip;]<\/p>\n","protected":false},"author":1,"featured_media":0,"parent":0,"menu_order":0,"comment_status":"closed","ping_status":"closed","template":"template-fullwidth.php","meta":{"footnotes":""},"class_list":["post-32","page","type-page","status-publish","hentry","no-thumb"],"yoast_head":"<!-- This site is optimized with the Yoast SEO Premium plugin v21.4 (Yoast SEO v23.7) - https:\/\/yoast.com\/wordpress\/plugins\/seo\/ -->\r\n<title>Kurumsal - GDR Global<\/title>\r\n<meta name=\"robots\" content=\"index, follow, max-snippet:-1, max-image-preview:large, max-video-preview:-1\" \/>\r\n<link rel=\"canonical\" href=\"https:\/\/www.gdrglobal.com.tr\/index.php\/about-us\" \/>\r\n<meta property=\"og:locale\" content=\"tr_TR\" \/>\r\n<meta property=\"og:type\" content=\"article\" \/>\r\n<meta property=\"og:title\" content=\"Kurumsal\" \/>\r\n<meta property=\"og:description\" content=\"[vc_row][vc_column][\/vc_column][\/vc_row][vc_row][vc_column offset=&#8221;vc_col-lg-4 vc_col-md-12&#8243;][vc_single_image image=&#8221;4020&#8243; img_size=&#8221;370&#215;360&#8243;][\/vc_column][vc_column offset=&#8221;vc_col-lg-4 vc_col-md-12&#8243;][vc_custom_heading text=&#8221;Hakk\u0131m\u0131zda&#8221; font_container=&#8221;tag:h2|font_size:20|text_align:left&#8221; use_theme_fonts=&#8221;yes&#8221; el_class=&#8221;fw-medium&#8221; css=&#8221;.vc_custom_1729190271207{margin-top: 0px !important;margin-bottom: 0px !important;}&#8221;][vc_column_text]Gdr Global, 2020 y\u0131l\u0131nda kurulmu\u015f, k\u00f6kleri yakla\u015f\u0131k 15 y\u0131ll\u0131k tecr\u00fcbeye dayanan k\u00f6kl\u00fc bir kurulu\u015ftur. \u015eirketimiz, otomotiv, kimya, savunma sanayi, ve sa\u011fl\u0131k sekt\u00f6rlerinde hizmet vermekte olup, m\u00fc\u015fteri odakl\u0131 yakla\u015f\u0131m\u0131 ve y\u00fcksek kalite anlay\u0131\u015f\u0131yla tan\u0131nmaktad\u0131r. Gdr Global, farkl\u0131 sekt\u00f6rlerdeki uzmanl\u0131\u011f\u0131 ve yenilik\u00e7i [&hellip;]\" \/>\r\n<meta property=\"og:url\" content=\"https:\/\/www.gdrglobal.com.tr\/index.php\/about-us\" \/>\r\n<meta property=\"og:site_name\" content=\"GDR Global\" \/>\r\n<meta property=\"article:modified_time\" content=\"2024-10-17T18:51:55+00:00\" \/>\r\n<meta name=\"twitter:card\" content=\"summary_large_image\" \/>\r\n<meta name=\"twitter:label1\" content=\"Tahmini okuma s\u00fcresi\" \/>\n\t<meta name=\"twitter:data1\" content=\"2 dakika\" \/>\r\n<script type=\"application\/ld+json\" class=\"yoast-schema-graph\">{\"@context\":\"https:\/\/schema.org\",\"@graph\":[{\"@type\":\"WebPage\",\"@id\":\"https:\/\/www.gdrglobal.com.tr\/index.php\/about-us\",\"url\":\"https:\/\/www.gdrglobal.com.tr\/index.php\/about-us\",\"name\":\"Kurumsal - GDR Global\",\"isPartOf\":{\"@id\":\"https:\/\/www.gdrglobal.com.tr\/#website\"},\"datePublished\":\"2017-10-31T07:44:25+00:00\",\"dateModified\":\"2024-10-17T18:51:55+00:00\",\"breadcrumb\":{\"@id\":\"https:\/\/www.gdrglobal.com.tr\/index.php\/about-us#breadcrumb\"},\"inLanguage\":\"tr\",\"potentialAction\":[{\"@type\":\"ReadAction\",\"target\":[\"https:\/\/www.gdrglobal.com.tr\/index.php\/about-us\"]}]},{\"@type\":\"BreadcrumbList\",\"@id\":\"https:\/\/www.gdrglobal.com.tr\/index.php\/about-us#breadcrumb\",\"itemListElement\":[{\"@type\":\"ListItem\",\"position\":1,\"name\":\"Home\",\"item\":\"https:\/\/www.gdrglobal.com.tr\/\"},{\"@type\":\"ListItem\",\"position\":2,\"name\":\"Kurumsal\"}]},{\"@type\":\"WebSite\",\"@id\":\"https:\/\/www.gdrglobal.com.tr\/#website\",\"url\":\"https:\/\/www.gdrglobal.com.tr\/\",\"name\":\"GDR Global\",\"description\":\"Bir Tedarik\u00e7iden Daha Fazlas\u0131\",\"potentialAction\":[{\"@type\":\"SearchAction\",\"target\":{\"@type\":\"EntryPoint\",\"urlTemplate\":\"https:\/\/www.gdrglobal.com.tr\/?s={search_term_string}\"},\"query-input\":{\"@type\":\"PropertyValueSpecification\",\"valueRequired\":true,\"valueName\":\"search_term_string\"}}],\"inLanguage\":\"tr\"}]}<\/script>\r\n<!-- \/ Yoast SEO Premium plugin. -->","yoast_head_json":{"title":"Kurumsal - GDR Global","robots":{"index":"index","follow":"follow","max-snippet":"max-snippet:-1","max-image-preview":"max-image-preview:large","max-video-preview":"max-video-preview:-1"},"canonical":"https:\/\/www.gdrglobal.com.tr\/index.php\/about-us","og_locale":"tr_TR","og_type":"article","og_title":"Kurumsal","og_description":"[vc_row][vc_column][\/vc_column][\/vc_row][vc_row][vc_column offset=&#8221;vc_col-lg-4 vc_col-md-12&#8243;][vc_single_image image=&#8221;4020&#8243; img_size=&#8221;370&#215;360&#8243;][\/vc_column][vc_column offset=&#8221;vc_col-lg-4 vc_col-md-12&#8243;][vc_custom_heading text=&#8221;Hakk\u0131m\u0131zda&#8221; font_container=&#8221;tag:h2|font_size:20|text_align:left&#8221; use_theme_fonts=&#8221;yes&#8221; el_class=&#8221;fw-medium&#8221; css=&#8221;.vc_custom_1729190271207{margin-top: 0px !important;margin-bottom: 0px !important;}&#8221;][vc_column_text]Gdr Global, 2020 y\u0131l\u0131nda kurulmu\u015f, k\u00f6kleri yakla\u015f\u0131k 15 y\u0131ll\u0131k tecr\u00fcbeye dayanan k\u00f6kl\u00fc bir kurulu\u015ftur. \u015eirketimiz, otomotiv, kimya, savunma sanayi, ve sa\u011fl\u0131k sekt\u00f6rlerinde hizmet vermekte olup, m\u00fc\u015fteri odakl\u0131 yakla\u015f\u0131m\u0131 ve y\u00fcksek kalite anlay\u0131\u015f\u0131yla tan\u0131nmaktad\u0131r. Gdr Global, farkl\u0131 sekt\u00f6rlerdeki uzmanl\u0131\u011f\u0131 ve yenilik\u00e7i [&hellip;]","og_url":"https:\/\/www.gdrglobal.com.tr\/index.php\/about-us","og_site_name":"GDR Global","article_modified_time":"2024-10-17T18:51:55+00:00","twitter_card":"summary_large_image","twitter_misc":{"Tahmini okuma s\u00fcresi":"2 dakika"},"schema":{"@context":"https:\/\/schema.org","@graph":[{"@type":"WebPage","@id":"https:\/\/www.gdrglobal.com.tr\/index.php\/about-us","url":"https:\/\/www.gdrglobal.com.tr\/index.php\/about-us","name":"Kurumsal - GDR Global","isPartOf":{"@id":"https:\/\/www.gdrglobal.com.tr\/#website"},"datePublished":"2017-10-31T07:44:25+00:00","dateModified":"2024-10-17T18:51:55+00:00","breadcrumb":{"@id":"https:\/\/www.gdrglobal.com.tr\/index.php\/about-us#breadcrumb"},"inLanguage":"tr","potentialAction":[{"@type":"ReadAction","target":["https:\/\/www.gdrglobal.com.tr\/index.php\/about-us"]}]},{"@type":"BreadcrumbList","@id":"https:\/\/www.gdrglobal.com.tr\/index.php\/about-us#breadcrumb","itemListElement":[{"@type":"ListItem","position":1,"name":"Home","item":"https:\/\/www.gdrglobal.com.tr\/"},{"@type":"ListItem","position":2,"name":"Kurumsal"}]},{"@type":"WebSite","@id":"https:\/\/www.gdrglobal.com.tr\/#website","url":"https:\/\/www.gdrglobal.com.tr\/","name":"GDR Global","description":"Bir Tedarik\u00e7iden Daha Fazlas\u0131","potentialAction":[{"@type":"SearchAction","target":{"@type":"EntryPoint","urlTemplate":"https:\/\/www.gdrglobal.com.tr\/?s={search_term_string}"},"query-input":{"@type":"PropertyValueSpecification","valueRequired":true,"valueName":"search_term_string"}}],"inLanguage":"tr"}]}},"_links":{"self":[{"href":"https:\/\/www.gdrglobal.com.tr\/index.php\/wp-json\/wp\/v2\/pages\/32","targetHints":{"allow":["GET"]}}],"collection":[{"href":"https:\/\/www.gdrglobal.com.tr\/index.php\/wp-json\/wp\/v2\/pages"}],"about":[{"href":"https:\/\/www.gdrglobal.com.tr\/index.php\/wp-json\/wp\/v2\/types\/page"}],"author":[{"embeddable":true,"href":"https:\/\/www.gdrglobal.com.tr\/index.php\/wp-json\/wp\/v2\/users\/1"}],"replies":[{"embeddable":true,"href":"https:\/\/www.gdrglobal.com.tr\/index.php\/wp-json\/wp\/v2\/comments?post=32"}],"version-history":[{"count":6,"href":"https:\/\/www.gdrglobal.com.tr\/index.php\/wp-json\/wp\/v2\/pages\/32\/revisions"}],"predecessor-version":[{"id":4024,"href":"https:\/\/www.gdrglobal.com.tr\/index.php\/wp-json\/wp\/v2\/pages\/32\/revisions\/4024"}],"wp:attachment":[{"href":"https:\/\/www.gdrglobal.com.tr\/index.php\/wp-json\/wp\/v2\/media?parent=32"}],"curies":[{"name":"wp","href":"https:\/\/api.w.org\/{rel}","templated":true}]}}